and z?
10
Suppose 57*f + 14 = 43*f. Let m(u) = 9*u**2 + 2*u + 1. Let a be m(f). Calculate the greatest common divisor of a and 488.
8
Suppose 2*q - 3*w = -0*w + 88, 2*w + 8 = 0. Suppose -q*a + 21*a + 289 = 0. What is the highest common divisor of 425 and a?
17
Let j be (-645660)/(-1845) + 6/123. Calculate the highest common factor of 2550 and j.
50
Suppose 3146 = 34*r - 12*r. Let q = r - 140. Suppose 0 = 3*p - 0*p - 18. Calculate the greatest common factor of p and q.
3
Let f be (-4 - -3)*43*(-13)/(-7 + 20). Suppose 1080 = 5*b + 5*m, 5*b = 4*m + 1021 + 50. Calculate the greatest common factor of f and b.
43
Suppose 0 = t - 60 + 55. Suppose 4*b = 2*b - 5*f + 35, t*b - f - 128 = 0. What is the greatest common divisor of b and 35?
5
Suppose 2*b = -4*a + 1104, -3*a = -5*b - 596 - 219. Suppose -4*x + 5*m = 3*m - 42, -2*x + 3*m + 19 = 0. Calculate the highest common divisor of x and a.
11
Suppose 0 = 106*w - 4295 - 3761. What is the highest common divisor of w and 17404?
76
Let b be 4 - (-8)/(56/(-21)). Suppose -3*t = -94 + 19. Let z = t + b. Calculate the highest common divisor of z and 39.
13
Let u(p) = -5*p - 14. Let r be u(-4). Suppose -l = -5*a + 153 + 340, r = 3*l. Calculate the highest common factor of a and 132.
33
Let f(k) = -k**3 - 11*k**2 - 6*k + 4. Let l = -11 + 0. Let m be f(l). Let v be (3*16/(-20))/((-2)/m). Calculate the highest common divisor of 28 and v.
28
Let g(x) = 35*x**3 + 3*x**2 + 4*x + 6. Let r be g(-2). Let k = r + 364. Calculate the greatest common divisor of 329 and k.
47
Suppose -7 = 4*n - 215. Let q be 33/(-88) + 411/8. Suppose n*f = q*f + 26. Calculate the greatest common factor of f and 39.
13
Let k(a) = a**2 - 76*a + 1478. Let w be k(54). Calculate the greatest common factor of 174 and w.
58
Suppose 4*g - 45 = p, 0 = -g - 0*g + 3*p + 3. Let a = 12 + g. Suppose -5*s + 2*k = -150, 0 = 4*s + k - 45 - 88. What is the highest common factor of a and s?
8
Suppose -3*w - 114 + 621 = 0. Let a = w - 99. Suppose 0 = 2*h - 5*s - 16, 2*s + a - 6 = 4*h. Calculate the highest common divisor of h and 162.
18
Let x(b) = 24 + 35 + 94 - 52 - 31*b + 99. Let y be x(6). Calculate the highest common divisor of y and 602.
14
Suppose 2*u - 38323 = -5*m, -4*m + 7*m + 5*u - 22990 = 0. What is the highest common divisor of m and 210?
105
Let x = 672 + -444. Let j be -8 + 38 + (-12 - -6). Let a be j*((-35)/(-14) - 2). What is the highest common factor of a and x?
12
Let v(x) = -31*x - 75. Let m be v(-5). Suppose 25 - 13 = -4*h, 2*s - 4*h = m. Calculate the highest common factor of s and 272.
34
Let u be 56 + (-4 + 3)*0. Suppose -1 + 3 = 3*q - 2*o, 4*o = -4*q - 4. Suppose q*x - 14*x + 224 = 0. What is the greatest common divisor of u and x?
8
Let z(j) = -j + 1. Let c be z(-2). Suppose -c*o + 106 = 4*f, 5*o - 46 = -f - f. Let y = 38 - f. What is the greatest common factor of 20 and y?
10
Suppose 0 = s - 0 - 3. Suppose -i = s*i + h - 12, 3*i - h = 16. Suppose -420*j + 24 = -414*j. What is the highest common factor of i and j?
4
Let r(b) = 11*b - 38. Suppose 78*o + 49 = 85*o. Let m be r(o). Calculate the highest common divisor of 429 and m.
39
Let n = -706 - -1030. Let b be 2 + -2 + (n - 5). Calculate the greatest common divisor of 11 and b.
11
Let q(h) = -3*h**3 - 138*h**2 + 374*h + 109. Let t be q(-49). Calculate the highest common factor of 128 and t.
64
Let q be ((-12)/(-8))/((-3)/(-8)). Suppose -24 = q*i + 4*z, -5*z + 0*z = i + 2. Let m be 3*3*(i + 10). Calculate the greatest common factor of m and 297.
27
Let f(r) = 3*r - 60. Let z be f(21). Suppose -41 = -z*i - 3*p - 26, 2*p + 2 = 4*i. What is the highest common divisor of 54 and i?
2
Suppose -n + 46 = 2*h + 4*n, -5*h + n + 61 = 0. Let w(i) = -i**2 - 3 + 0 - h*i + 3*i**2 + 8. Let c be w(7). What is the greatest common divisor of c and 48?
12
Suppose u = 5*m + 4444, 2*u - m - 8816 = -0*m. What is the greatest common divisor of 96 and u?
12
Let r = -16581 - -16607. Let f be 287*1 - (0 + 1). What is the highest common factor of r and f?
26
Suppose 79*z + 18 = 78*z. Let g = 30 - z. Calculate the greatest common factor of g and 552.
24
Suppose 9*d - 9 - 18 = 0. Suppose -d*n = -4*v + 40, 4*v + n - 31 = -v. Calculate the highest common factor of v and 11.
1
Let i = -3310 + 5481. Calculate the greatest common divisor of 13 and i.
13
Let m(p) = -2*p - 16. Let l be -34*(7 - 78/12). Let x be m(l). What is the highest common divisor of x and 18?
18
Suppose -2*y + 2*l - 8 = 0, 26 + 2 = -5*y - 3*l. Let u(z) = -z + 7. Let n be u(y). Calculate the greatest common factor of n and 96.
12
Let m = 26800 - 14300. What is the greatest common factor of m and 20?
20
Let j be (-248)/(-60) - (-4)/(-30). Suppose 4*l - 254 = -3*z, 3*z - j*l = -l + 219. Calculate the greatest common factor of z and 130.
26
Let m be (-6)/36*(-78826)/3 - 246/1107. Calculate the greatest common divisor of 29 and m.
29
Let i be (378/(-72) - -6)*988. Calculate the highest common factor of 39 and i.
39
Suppose -6*q + 11*q - 40 = 0. Suppose -66 - 254 = -q*t. Suppose -43*l + 6 = -t*l. What is the greatest common factor of 6 and l?
2
Let i be 3 + ((-42)/91)/(27/(-234)). Suppose 0 = 5*c - 0*c - 40. What is the greatest common divisor of c and i?
1
Suppose 0 = 4*s + 3*g - 4530, -5*s - 13*g + 5665 = -8*g. What is the highest common factor of 348 and s?
87
Let d be (2316 - 0)*(10 + -11 - -3). Suppose 5*a - 5197 = v, 0 = 5*a + 2*v - d - 574. Calculate the highest common factor of a and 20.
20
Let h = -1196 - -834. Let q = 813 + h. Calculate the highest common factor of 41 and q.
41
Let c = 10125 - 10082. Calculate the highest common divisor of c and 1.
1
Suppose 0 = 2*n + 4, 4*c - 4*n - 5222 = -1790. What is the greatest common factor of 2461 and c?
107
Let o = 22 + -17. Suppose o*w - 3 = 2. Let f be 202 + -2*w*1/1. What is the greatest common factor of 20 and f?
20
Suppose 2097 + 384 + 1039 = -16*s. Suppose -3*f + 2 = 11. Let w be (s/(-16) + -7)/(f/(-64)). Calculate the highest common factor of w and 9.
9
Suppose 3 = -2*j + 3*j. Suppose j*t + 4*h = -50, t = -3*t - 4*h - 64. Let v = 32 - t. What is the greatest common divisor of v and 368?
46
Let l be 26860/(-25) + (-4)/(-10). Let w be ((-6)/10)/(-2 - l/540). What is the greatest common divisor of 81 and w?
27
Let v(g) be the first derivative of g**3/3 - 7*g**2 - 7*g - 40. Let o be v(-8). What is the highest common factor of 26 and o?
13
Suppose -2*y = 4*z - 3328 - 5142, 8466 = 4*z - 2*y. What is the greatest common factor of z and 73?
73
Let z be 1 + (-1)/1 + 48. Let v be (-297984)/(-1940) + (-36)/(-15). What is the highest common divisor of z and v?
12
Let m = -2960 - -3727. Calculate the highest common factor of m and 52.
13
Let l(b) = -b**2 + 36*b + 162. Let j be l(40). Suppose -q - n - 28 = -108, 5*q - j*n - 414 = 0. What is the greatest common divisor of q and 451?
41
Let x be 12*(-3)/(-270)*3 - 113/(-5). What is the greatest common divisor of 2944 and x?
23
Suppose -506*u = -590*u + 27300. What is the greatest common factor of u and 1105?
65
Suppose 2*y - 5*w - 29805 = 0, 23*w - 44765 = -3*y + 19*w. Calculate the highest common divisor of y and 285.
95
Let b(i) = i - 7. Let l be b(11). Suppose -6*u + l*u - 20 = 0. Let f be -2*(-36)/30*u/(-3). Calculate the greatest common factor of f and 64.
8
Suppose 9*j - 137 - 115 = 0. Let t(c) = 6*c - 58. Let n be t(j). What is the greatest common factor of 22 and n?
22
Suppose -135*z + 133*z + 40 = 0. Suppose 29*b - 1656 = z*b. What is the highest common divisor of 16 and b?
8
Let f be (-318)/(-14) + (-48)/(-168). Suppose 0 = -15*x + f*x - 432. What is the greatest common factor of 18 and x?
18
Suppose -63 = -7*y + 4*y - l, -y - 2*l = -16. Let f(t) = -t**2 + 25*t + 44. Let p be f(y). Calculate the greatest common divisor of p and 22.
22
Suppose 3*b - 133 = -j - 4*j, 5*j - 179 = -4*b. Let u be (-4)/(-8) - 385/(-22). Suppose -u = -17*y + 2328. Calculate the greatest common factor of y and b.
46
Let i be ((-2146)/407)/(8/(-44)). What is the highest common factor of 2813 and i?
29
Suppose 0 = -11*b + 21 + 12. Suppose 30 = 2*d - 4*y, -35 = -4*d + 2*y + 7. Calculate the highest common factor of d and b.
3
Suppose 4*k = -3*h - 958, 455 + 467 = -3*h + 5*k. Let b = 58 - h. Calculate the highest common divisor of 6 and b.
6
Let l be (-1 - 0)/((-29)/(-261)). Let